et v(q) = -7*q. Let c(j) = -15*j + 1. Let h(m) = 4*c(m) - 10*v(m). Let y(d) = d + 1. Let s(z) = h(z) - 3*y(z). Let r = 9 + -11. What is s(r)?
-13
Let a be (-4 - 29) + 3/(-1). Let r = a - -34. Let s(t) = 4*t**2 + 4*t + 2. What is s(r)?
10
Let i(s) = -s - 222*s**2 + 448*s**2 - 222*s**2 - s**3 - 3 + 9. Give i(4).
2
Let g(s) be the second derivative of -5*s**4/3 - s**2/2 - 6*s - 5. What is g(1)?
-21
Suppose 4*f - 12 = f. Let h(j) = -5*j**3 - 3*j**2 + 2*j + 2. Let c be h(-2). Suppose -f*d = -a + c, -3*a = d + 2*d - 3. Let w(m) = -2*m + 7. What is w(a)?
-5
Let s(p) = p**3 + 6*p**2 - 5. Let g be (6 + 0 + 0)*-1. Let z be s(g). Let n(b) = 4*b - 7 + 3*b + 2*b + 4*b - 15*b. Determine n(z).
3
Let y = -59 - -55. Let b(v) = 3*v**2 - 17*v + 6. Let h(w) = -2*w**2 + 9*w - 3. Let a(o) = -4*b(o) - 7*h(o). Give a(y).
9
Let a(q) be the third derivative of q**6/20 - q**5/60 - q**4/24 - q**3/6 - 7*q**2 - 10. Suppose h + 0*h = 0. Suppose -2*c - 2 = -h. Calculate a(c).
-7
Suppose f - w - w - 6 = 0, 15 = -2*f - 5*w. Let o(c) = f + 6*c**2 - 5*c**2 - 2. Let y be (0/(-1))/(-1 - 1). Determine o(y).
-2
Let v(k) = 2*k**2 - 3*k - 3. Suppose -3*z = -8*z + 3*u + 18, 0 = -2*z - 3*u + 3. Give v(z).
6
Let i(p) = -12 - 9*p + 16*p**2 - 5*p**2 - 12*p**2. Let u be i(-7). Suppose x + q + 0 = -u, -2*q = -4. Let d(r) = -r - 3. What is d(x)?
1
Let t(x) = -3*x**3 + 4*x**2 - 6. Let p(l) = -4*l**3 + 3*l**2 - l - 7. Let d(c) = 2*p(c) - 3*t(c). Let h be 4/(-12) + (-19)/(-3). Determine d(h).
-8
Let j(p) = p**2 - 3*p - 4. Suppose 0 = -2*c + 3*h + h + 44, -c = 4*h + 2. Suppose -3*f + c - 2 = 0. Calculate j(f).
0
Let h(m) = -11*m + 3. Let o(r) = -13*r + 4. Let n(c) = -3*h(c) + 2*o(c). What is n(1)?
6
Let w(n) = -3*n**2 - 2*n**2 + 620*n - 5*n**2 - 632*n - 8 - n**3. Give w(-9).
19
Let n(q) = -q**3 + 5*q**2 + q + 6. Let v be (-48)/(-20) - (-3)/5 - 1. Suppose v + 3 = w. Determine n(w).
11
Let l(p) be the third derivative of p**5/60 + 5*p**4/12 + 3*p**3/2 + 7*p**2 - 1. Suppose 3*s = 9, -3*c = -0*c - 5*s + 36. Determine l(c).
-12
Let o(b) = -10*b + 4. Let c be 0/(-3) - (-1)/2*6. Calculate o(c).
-26
Let c(b) = 5*b - 2. Let m be (10/(-6))/((-5)/(-15)). Let y(q) = 2*q**2 + 5*q - 3. Let n be y(m). Let k = n + -19. What is c(k)?
13
Let m(w) = -2*w - 6. Suppose 242 = 89*k - 470. Calculate m(k).
-22
Let x(h) be the first derivative of -h**4/4 + 5*h**3/3 - h**2/2 - 2*h + 28. Determine x(5).
-7
Let w(s) = -s**3 + 3*s**2 - 3*s + 3. Let o(v) = 6*v**3 - 3*v**2 + v + 1. Let j be o(1). Suppose -5*q - 5*l - 1 + 41 = 0, j*l = 2*q + 19. What is w(q)?
-6
Let r(c) = -8*c + 74. Let m be r(9). Let x = 31 + -14. Let k(j) = -10*j + x + 3*j - 24 - j**m. Determine k(-6).
-1
Let f be ((-7)/(-5))/((-5124)/(-2440)). Let i(c) be the third derivative of f*c**3 - 6*c**2 + 1/24*c**4 + 0*c + 0. What is i(-4)?
0
Let k be 10/14 + -1 + 44/154. Let w(c) be the first derivative of -c + k*c**3 - 8 + 0*c**2 - 1/4*c**4. Give w(-1).
0
Suppose -4*c = 8 - 32. Let z(f) = -3*f + 6. Let x(a) be the first derivative of -2*a**2 + 5*a + 6. Let g(n) = -2*x(n) + 3*z(n). Give g(c).
2
Let x(h) be the third derivative of -h**4/12 - 17*h**3/6 - 121*h**2 - 1. What is x(-11)?
5
Let l(w) = 3*w**3 - 4*w**2 + 1. Let x be l(1). Suppose 5*p + 15 + 5 = x. Let v(b) = -3*b - 9. What is v(p)?
3
Suppose u - 60 = -5*x, 4*x - 34 = -3*u + 5*u. Let w(z) = -6 + x*z + 7*z - 17*z. Give w(7).
1
Let j(g) = -2*g + 5. Let t be j(5). Let b(n) be the first derivative of -n**3/3 - 5*n**2/2 + 4*n - 261. Determine b(t).
4
Let w(j) be the second derivative of -j**5/20 - 3*j**4/4 - 5*j**3/2 - j**2/2 - 140*j. Calculate w(-7).
6
Let z = -2030 - -2033. Let g(a) = -8*a**2 + 3*a - 2. Calculate g(z).
-65
Let r(b) = -65*b**2 - 20 + 108*b**2 - 45*b**2 - 11*b. Give r(-4).
-8
Let r(l) = -2*l**2 - 2*l - 1. Let s = -22 - -21. Let t(n) = -n - 1. Let a(o) = s*r(o) + t(o). Determine a(1).
3
Let d(x) = -789*x - 2 + 398*x + 394*x. What is d(4)?
10
Let w(c) = c**2 + c + 1. Let l(y) = 7 - y - 8*y**2 + 7 + y**3 - 2*y**3 - 7. Let x(s) = l(s) + w(s). What is x(-7)?
8
Let n = 13 - 9. Let u(j) = -n - 7*j + 15*j - 10*j - 3. Suppose -4*k + 13 = -3*c, -20 = 5*c + 4*k + 23. Determine u(c).
7
Let q = 17 - 2. Let p(k) = -2*k + 2*k - k**2 + 6 - q + 6*k. Let w(b) = b**3 + 4*b**2 - 3. Let f be w(-3). Calculate p(f).
-9
Let l = 11 - 9. Let s = 6 - 4. Let v(d) = s - 3 + 2*d + 3*d**l + 0 - d**2. Calculate v(-3).
11
Let b(j) be the first derivative of -j**5/15 - j**4/24 + 17*j**3/3 + 12. Let n(k) be the third derivative of b(k). What is n(-1)?
7
Let v(i) = -2*i + 13*i - 10*i - 2 - 4*i. Let q(o) = 17*o + 11. Let m(k) = 4*q(k) + 22*v(k). Suppose -5*g - 3 = -13. What is m(g)?
4
Suppose 3*g - 8 = g. Let w(n) be the second derivative of -n**2 - 3*n - 1/12*n**4 + n**3 + 0. Calculate w(g).
6
Suppose -40*i = 39*i + 474. Let j(f) be the first derivative of -f**2/2 - 2*f + 2. Determine j(i).
4
Let m(t) = -t**2 + t + 2. Let z(n) = 4*n**2 - 2*n - 7. Let h(p) = 2*m(p) + z(p). Calculate h(3).
15
Suppose 3*a - a = 160. Let c = -41 + a. Let o(h) = -16*h + c*h - 21*h. Give o(2).
4
Let v(j) = 3 - j + 4*j + j - 2*j. Let x be v(1). Let z(h) = -h + 8. Give z(x).
3
Let p(l) = l**3 - 8*l**2 - l + 4. Let g(r) = r + 6. Let u be g(-3). Let x be 18/(-15)*(-10)/u. Suppose 0 = -x*t + 13 + 19. Determine p(t).
-4
Suppose 25 = -14*w + 193. Let t(g) = g**3 + 3*g**2 - 4*g + 2. Let h be t(-4). Let p(u) = u + 21 - h*u**2 - 3*u**2 - 8 - w. Give p(-1).
-5
Let v be ((-2)/(-4))/((-2)/(-16)). Let d(q) = -10*q + 6. Determine d(v).
-34
Let m = 1 - -1. Suppose 0 = -4*y + t + 2*t + 4, 3*y - 2*t = m. Let j(z) = 5*z - 3. Let g(i) = -3*i + 2. Let p(o) = -8*g(o) - 5*j(o). What is p(y)?
1
Let t(r) = -2*r**3 + r**2 - r + 1. Let s(h) = 5*h**3 + 6*h - 2. Let i(p) = s(p) + 3*t(p). Calculate i(3).
10
Let p(l) = l**3 - 4*l**2 + 3*l - 1. Let h = 1482 - 1480. What is p(h)?
-3
Let i(k) = 8*k - 70. Let v be i(9). Let g(s) = 2*s + 2. What is g(v)?
6
Let s(b) be the first derivative of -14*b + 5 + 6*b**2 + 1/4*b**4 - 4*b**3. Give s(11).
-3
Let y(g) = g**3 + 7*g**2 + 6*g - 4. Let n be y(-6). Let l(r) be the first derivative of -r**4/4 - 5*r**3/3 - 3*r**2 - 4*r + 5389. Determine l(n).
4
Let h = 52 + -49. Let c(w) = 4*w**h - w**3 + 9*w**2 + 3*w**3 - 5*w**3. Determine c(-9).
0
Suppose 6 = -4*q + 30. Let p(a) = q*a - 10*a + 13 + 5*a. Give p(-6).
7
Let p(q) = q**3 + 5*q**2 - 4*q. Suppose 0 = 5*t - 10 - 35. Suppose -2*l = -t*l - 35. Calculate p(l).
20
Let f(z) be the third derivative of -z**6/120 + z**5/6 - 7*z**4/24 + 98*z**2. Give f(9).
18
Let l(d) = d + 4 - 2*d - 4*d + 9*d - d**2. Let j be 4*(2/8 + 1). Suppose 0 = -j*r + 13 + 7. Calculate l(r).
4
Let n(i) = -i - 1. Let y(g) be the first derivative of g**4/12 - 7*g**3/3 + 5*g**2 - g + 3. Let t(d) be the first derivative of y(d). Let b be t(13). Give n(b).
2
Let j(u) = 3*u**2 + 4*u - 5. Suppose -3*s + 23 = s - 3*o, 4 = -4*o. Let i(v) = -2*v**2 - 3*v + 4. Let h(x) = s*i(x) + 4*j(x). Calculate h(1).
3
Suppose r = 3*u + 51, 11*u - 7*u + r = -61. Let z(c) = -c - 39. Calculate z(u).
-23
Let p(h) = h**2 + 11*h + 20. Let r be p(-7). Let f(b) = b + 1. What is f(r)?
-7
Suppose 4*c = -0*c - 20, -2*l = -c - 37. Let b(w) = -2*w + 0*w - l - 15 + 28. Determine b(-3).
3
Let i(m) = 4*m**2 + 5*m - 6. Let q(p) = 2*p**2 - p + 1. Let h(l) = -i(l) - 6*q(l). Give h(-1).
-17
Let v be (2/(-7))/(58/(-406)). Let i(x) be the second derivative of 1/2*x**v - 5*x + 1/6*x**3 - 1/4*x**4 + 0 + 1/20*x**5. Determine i(2).
-1
Let l(d) be the third derivative of d**6/120 - 11*d**5/60 - d**4/24 + 13*d**3/6 + 26*d**2 + 4*d. Give l(11).
2
Let l(d) = -3*d + 4. Let h(c) = 3*c - 5. Let q be (-6 - 1) + 0/(-5). Let u(a) = q*l(a) - 6*h(a). Calculate u(-2).
-4
Suppose 3*b = 2*b. Let k(y) = -y**3 + 8*y - 6*y + 15 + 2*y**2 - y**2 - 3*y. What is k(b)?
15
Let b be (-3 + 0)/(3*2/4). Suppose 4*f + 0 = -3*c + 16, -2*c - 5*f = -13. Let i be b + c + 4/(-2). Let k(z) = z**3 - z**2 + 4. Give k(i).
4
Let d = -2 - -9. Let w(z) = -2*z**2 - 8*z**2 - 56 + 5*z + 9*z**2 + 66. Give w(d).
-4
Let j(y) = -y**3 - 6*y**2 - 4*y + 4. Let h(v) = 4*v**2 + v. Let t be h(-1). Suppose 5*x + t*k = -k - 21, 5*k = -5*x - 20. Give j(x).
-1
Let y(j) = -j**3 - 2*j**2 + 3*j + 3. Let r = -50 - -47. Let s be y(r). Let q(h) = -h**2 + 5*h - 4. What is q(s)?
2
Let x(g) = -g - 42. Let d = 2726 + -2748. Calculate x(d).
-20
Le